{"id":88,"date":"2024-10-07T08:30:32","date_gmt":"2024-10-07T08:30:32","guid":{"rendered":"https:\/\/www.sibourg.louisst.o2switch.site\/blog\/?page_id=88"},"modified":"2024-11-20T12:29:49","modified_gmt":"2024-11-20T12:29:49","slug":"projet-professionel","status":"publish","type":"page","link":"https:\/\/www.sibourg.louisst.o2switch.site\/blog\/projet-professionel\/","title":{"rendered":"Projet Professionel"},"content":{"rendered":"\n<p class=\"has-medium-font-size\" style=\"font-style:normal;font-weight:500\">Mon projet professionnel s\u2019inscrit dans le domaine du marketing et de la communication digitale. Actuellement en BTS N\u00e9gociation et Digitalisation de la Relation Client (NDRC), je souhaite approfondir mes comp\u00e9tences en poursuivant avec une licence en communication et marketing \u00e0 Sup Alta. Cette formation me permettra d\u2019acqu\u00e9rir une expertise solide en strat\u00e9gie de communication et en gestion de projets marketing, deux domaines cl\u00e9s pour les entreprises dans un contexte de transformation num\u00e9rique.<br><br>\u00c0 terme, je vise continuer dans le marketing digital, et plus particuli\u00e8rement dans le domaine du community management. La gestion de communaut\u00e9 est devenue essentielle pour les entreprises cherchant \u00e0 renforcer leur pr\u00e9sence en ligne et \u00e0 construire des relations durables avec leur client\u00e8le. C\u2019est pour cette raison que je souhaite, apr\u00e8s ma licence, int\u00e9grer une seconde licence sp\u00e9cialis\u00e9e en community management en alternance. <br><br>Gr\u00e2ce \u00e0 ces formations et \u00e0 mon exp\u00e9rience en alternance, je me projette dans un poste<strong> <\/strong>o\u00f9 je pourrai contribuer activement \u00e0 la strat\u00e9gie digitale d\u2019une entreprise, en \u00e9laborant des contenus attractifs, en animant des communaut\u00e9s en ligne et en optimisant la visibilit\u00e9 des marques sur les r\u00e9seaux sociaux. Ce projet professionnel allie mes passions pour la communication et le digital, et je suis motiv\u00e9 \u00e0 atteindre cet objectif.<\/p>\n\n\n\n<figure class=\"wp-block-embed is-type-video is-provider-youtube wp-block-embed-youtube wp-embed-aspect-16-9 wp-has-aspect-ratio\"><div class=\"wp-block-embed__wrapper\">\n<div class=\"ast-oembed-container \" style=\"height: 100%;\"><iframe loading=\"lazy\" title=\"[METIER] Qu&#039;est-ce qu&#039;un Community Manager ?\" width=\"500\" height=\"281\" src=\"https:\/\/www.youtube.com\/embed\/Eq6ZTgHc364?feature=oembed\" frameborder=\"0\" allow=\"accelerometer; autoplay; clipboard-write; encrypted-media; gyroscope; picture-in-picture; web-share\" referrerpolicy=\"strict-origin-when-cross-origin\" allowfullscreen><\/iframe><\/div>\n<\/div><\/figure>\n\n\n\n<p><\/p>\n","protected":false},"excerpt":{"rendered":"<p>Mon projet professionnel s\u2019inscrit dans le domaine du marketing et de la communication digitale. Actuellement en BTS N\u00e9gociation et Digitalisation [&hellip;]<\/p>\n","protected":false},"author":1,"featured_media":245,"parent":0,"menu_order":0,"comment_status":"closed","ping_status":"closed","template":"","meta":{"_uag_custom_page_level_css":"","site-sidebar-layout":"default","site-content-layout":"","ast-site-content-layout":"","site-content-style":"default","site-sidebar-style":"default","ast-global-header-display":"","ast-banner-title-visibility":"","ast-main-header-display":"","ast-hfb-above-header-display":"","ast-hfb-below-header-display":"","ast-hfb-mobile-header-display":"","site-post-title":"","ast-breadcrumbs-content":"","ast-featured-img":"disabled","footer-sml-layout":"","theme-transparent-header-meta":"","adv-header-id-meta":"","stick-header-meta":"","header-above-stick-meta":"","header-main-stick-meta":"","header-below-stick-meta":"","astra-migrate-meta-layouts":"default","ast-page-background-enabled":"default","ast-page-background-meta":{"desktop":{"background-color":"var(--ast-global-color-4)","background-image":"","background-repeat":"repeat","background-position":"center center","background-size":"auto","background-attachment":"scroll","background-type":"","background-media":"","overlay-type":"","overlay-color":"","overlay-opacity":"","overlay-gradient":""},"tablet":{"background-color":"","background-image":"","background-repeat":"repeat","background-position":"center center","background-size":"auto","background-attachment":"scroll","background-type":"","background-media":"","overlay-type":"","overlay-color":"","overlay-opacity":"","overlay-gradient":""},"mobile":{"background-color":"","background-image":"","background-repeat":"repeat","background-position":"center center","background-size":"auto","background-attachment":"scroll","background-type":"","background-media":"","overlay-type":"","overlay-color":"","overlay-opacity":"","overlay-gradient":""}},"ast-content-background-meta":{"desktop":{"background-color":"var(--ast-global-color-5)","background-image":"","background-repeat":"repeat","background-position":"center center","background-size":"auto","background-attachment":"scroll","background-type":"","background-media":"","overlay-type":"","overlay-color":"","overlay-opacity":"","overlay-gradient":""},"tablet":{"background-color":"var(--ast-global-color-5)","background-image":"","background-repeat":"repeat","background-position":"center center","background-size":"auto","background-attachment":"scroll","background-type":"","background-media":"","overlay-type":"","overlay-color":"","overlay-opacity":"","overlay-gradient":""},"mobile":{"background-color":"var(--ast-global-color-5)","background-image":"","background-repeat":"repeat","background-position":"center center","background-size":"auto","background-attachment":"scroll","background-type":"","background-media":"","overlay-type":"","overlay-color":"","overlay-opacity":"","overlay-gradient":""}},"footnotes":""},"class_list":["post-88","page","type-page","status-publish","has-post-thumbnail","hentry"],"uagb_featured_image_src":{"full":["https:\/\/www.sibourg.louisst.o2switch.site\/blog\/wp-content\/uploads\/2024\/11\/job-5382501_640.jpg",640,385,false],"thumbnail":["https:\/\/www.sibourg.louisst.o2switch.site\/blog\/wp-content\/uploads\/2024\/11\/job-5382501_640-150x150.jpg",150,150,true],"medium":["https:\/\/www.sibourg.louisst.o2switch.site\/blog\/wp-content\/uploads\/2024\/11\/job-5382501_640-300x180.jpg",300,180,true],"medium_large":["https:\/\/www.sibourg.louisst.o2switch.site\/blog\/wp-content\/uploads\/2024\/11\/job-5382501_640.jpg",640,385,false],"large":["https:\/\/www.sibourg.louisst.o2switch.site\/blog\/wp-content\/uploads\/2024\/11\/job-5382501_640.jpg",640,385,false],"1536x1536":["https:\/\/www.sibourg.louisst.o2switch.site\/blog\/wp-content\/uploads\/2024\/11\/job-5382501_640.jpg",640,385,false],"2048x2048":["https:\/\/www.sibourg.louisst.o2switch.site\/blog\/wp-content\/uploads\/2024\/11\/job-5382501_640.jpg",640,385,false]},"uagb_author_info":{"display_name":"admin","author_link":"https:\/\/www.sibourg.louisst.o2switch.site\/blog\/author\/admin\/"},"uagb_comment_info":0,"uagb_excerpt":"Mon projet professionnel s\u2019inscrit dans le domaine du marketing et de la communication digitale. Actuellement en BTS N\u00e9gociation et Digitalisation [&hellip;]","_links":{"self":[{"href":"https:\/\/www.sibourg.louisst.o2switch.site\/blog\/wp-json\/wp\/v2\/pages\/88","targetHints":{"allow":["GET"]}}],"collection":[{"href":"https:\/\/www.sibourg.louisst.o2switch.site\/blog\/wp-json\/wp\/v2\/pages"}],"about":[{"href":"https:\/\/www.sibourg.louisst.o2switch.site\/blog\/wp-json\/wp\/v2\/types\/page"}],"author":[{"embeddable":true,"href":"https:\/\/www.sibourg.louisst.o2switch.site\/blog\/wp-json\/wp\/v2\/users\/1"}],"replies":[{"embeddable":true,"href":"https:\/\/www.sibourg.louisst.o2switch.site\/blog\/wp-json\/wp\/v2\/comments?post=88"}],"version-history":[{"count":8,"href":"https:\/\/www.sibourg.louisst.o2switch.site\/blog\/wp-json\/wp\/v2\/pages\/88\/revisions"}],"predecessor-version":[{"id":246,"href":"https:\/\/www.sibourg.louisst.o2switch.site\/blog\/wp-json\/wp\/v2\/pages\/88\/revisions\/246"}],"wp:featuredmedia":[{"embeddable":true,"href":"https:\/\/www.sibourg.louisst.o2switch.site\/blog\/wp-json\/wp\/v2\/media\/245"}],"wp:attachment":[{"href":"https:\/\/www.sibourg.louisst.o2switch.site\/blog\/wp-json\/wp\/v2\/media?parent=88"}],"curies":[{"name":"wp","href":"https:\/\/api.w.org\/{rel}","templated":true}]}}