{"id":6,"date":"2024-09-25T12:28:33","date_gmt":"2024-09-25T12:28:33","guid":{"rendered":"https:\/\/www.sibourg.louisst.o2switch.site\/blog\/?page_id=6"},"modified":"2024-11-13T19:46:19","modified_gmt":"2024-11-13T19:46:19","slug":"accueil","status":"publish","type":"page","link":"https:\/\/www.sibourg.louisst.o2switch.site\/blog\/","title":{"rendered":"Accueil"},"content":{"rendered":"\n<p class=\"has-text-align-center has-ast-global-color-2-color has-text-color has-link-color wp-elements-34e6be69c80fea6b7c6638ef72bc0e4a\">Mon site est con\u00e7u pour refl\u00e9ter mes passions, mes \u00e9tudes et mes aspirations professionnelles. Il s&rsquo;articule autour de plusieurs th\u00e9matiques majeures qui me d\u00e9finissent : le football, les voyages, mes \u00e9tudes en BTS NDRC (N\u00e9gociation et Digitalisation de la Relation Client) ainsi que mes d\u00e9bouch\u00e9s professionnels.<\/p>\n\n\n\n<p class=\"has-text-align-center has-ast-global-color-2-color has-text-color has-link-color wp-elements-19ab134d5ea4c6b676f2bc54d9d1c76e\">La section <strong>football<\/strong> est d\u00e9di\u00e9e \u00e0 cette passion que je pratique \u00e0 raison de trois entra\u00eenements par semaine. J\u2019y partage des articles sur les derni\u00e8res actualit\u00e9s du football, des analyses de matchs, ainsi que des conseils pratiques pour ceux qui, comme moi, veulent s\u2019am\u00e9liorer sur le terrain. C\u2019est un espace o\u00f9 amateurs et passionn\u00e9s de football peuvent \u00e9changer et s\u2019inspirer.<\/p>\n\n\n\n<p class=\"has-text-align-center has-ast-global-color-2-color has-text-color has-link-color wp-elements-fbde2261c15f43476827c2654a5b2797\">Ensuite, la th\u00e9matique des <strong>voyages<\/strong> occupe une place importante sur mon site. Ayant toujours \u00e9t\u00e9 curieux de d\u00e9couvrir de nouvelles cultures, je partage mes exp\u00e9riences et propose des conseils pour voyager , surtout quand on a un budget d&rsquo;\u00e9tudiant. J\u2019aborde aussi comment marier \u00e9tudes et voyages, notamment \u00e0 travers des stages ou des exp\u00e9riences \u00e0 l\u2019\u00e9tranger.<\/p>\n\n\n\n<p class=\"has-text-align-center has-ast-global-color-2-color has-text-color has-link-color wp-elements-ca974bb3dfb5eede15753336a1f01c95\">La troisi\u00e8me th\u00e9matique tourne autour de mon <strong>BTS NDRC<\/strong>, une formation qui me pr\u00e9pare \u00e0 \u00e9voluer dans le domaine commercial et digital. Je partage ici mes apprentissages, des astuces pour r\u00e9ussir en BTS. On y trouve \u00e9galement une r\u00e9flexion sur mes d\u00e9bouch\u00e9s professionnels, notamment dans le secteur du BtoB, en lien avec mes comp\u00e9tences en n\u00e9gociation et relation client.<\/p>\n\n\n\n<p class=\"has-text-align-center has-ast-global-color-2-color has-text-color has-link-color wp-elements-8efa5bcf7ec897a25001d50922a2ccaa\">Mon site est donc un espace o\u00f9 se rencontrent mes passions personnelles et mon d\u00e9veloppement professionel<\/p>\n\n\n\n<p class=\"has-text-align-left\"><\/p>\n\n\n\n<div class=\"wp-block-uagb-image aligncenter uagb-block-cbe59116 wp-block-uagb-image--layout-default wp-block-uagb-image--effect-static wp-block-uagb-image--align-center\"><figure class=\"wp-block-uagb-image__figure\"><img decoding=\"async\" srcset=\"https:\/\/www.sibourg.louisst.o2switch.site\/blog\/wp-content\/uploads\/2024\/11\/IMG_3039-1-2-150x150.jpg ,https:\/\/www.sibourg.louisst.o2switch.site\/blog\/wp-content\/uploads\/2024\/11\/IMG_3039-1-2-scaled.jpg 780w, https:\/\/www.sibourg.louisst.o2switch.site\/blog\/wp-content\/uploads\/2024\/11\/IMG_3039-1-2-scaled.jpg 360w\" sizes=\"auto, (max-width: 480px) 150px\" src=\"https:\/\/www.sibourg.louisst.o2switch.site\/blog\/wp-content\/uploads\/2024\/11\/IMG_3039-1-2-150x150.jpg\" alt=\"\" class=\"uag-image-124\" width=\"211\" height=\"150\" title=\"IMG_3039 (1)\" loading=\"lazy\" role=\"img\"\/><\/figure><\/div>\n\n\n\n<p><\/p>\n","protected":false},"excerpt":{"rendered":"<p>Mon site est con\u00e7u pour refl\u00e9ter mes passions, mes \u00e9tudes et mes aspirations professionnelles. Il s&rsquo;articule autour de plusieurs th\u00e9matiques [&hellip;]<\/p>\n","protected":false},"author":1,"featured_media":0,"parent":0,"menu_order":0,"comment_status":"closed","ping_status":"closed","template":"","meta":{"_uag_custom_page_level_css":"","site-sidebar-layout":"default","site-content-layout":"","ast-site-content-layout":"","site-content-style":"default","site-sidebar-style":"default","ast-global-header-display":"","ast-banner-title-visibility":"","ast-main-header-display":"","ast-hfb-above-header-display":"","ast-hfb-below-header-display":"","ast-hfb-mobile-header-display":"","site-post-title":"","ast-breadcrumbs-content":"","ast-featured-img":"","footer-sml-layout":"","theme-transparent-header-meta":"","adv-header-id-meta":"","stick-header-meta":"","header-above-stick-meta":"","header-main-stick-meta":"","header-below-stick-meta":"","astra-migrate-meta-layouts":"default","ast-page-background-enabled":"default","ast-page-background-meta":{"desktop":{"background-color":"var(--ast-global-color-4)","background-image":"","background-repeat":"repeat","background-position":"center center","background-size":"auto","background-attachment":"scroll","background-type":"","background-media":"","overlay-type":"","overlay-color":"","overlay-opacity":"","overlay-gradient":""},"tablet":{"background-color":"","background-image":"","background-repeat":"repeat","background-position":"center center","background-size":"auto","background-attachment":"scroll","background-type":"","background-media":"","overlay-type":"","overlay-color":"","overlay-opacity":"","overlay-gradient":""},"mobile":{"background-color":"","background-image":"","background-repeat":"repeat","background-position":"center center","background-size":"auto","background-attachment":"scroll","background-type":"","background-media":"","overlay-type":"","overlay-color":"","overlay-opacity":"","overlay-gradient":""}},"ast-content-background-meta":{"desktop":{"background-color":"var(--ast-global-color-5)","background-image":"","background-repeat":"repeat","background-position":"center center","background-size":"auto","background-attachment":"scroll","background-type":"","background-media":"","overlay-type":"","overlay-color":"","overlay-opacity":"","overlay-gradient":""},"tablet":{"background-color":"var(--ast-global-color-5)","background-image":"","background-repeat":"repeat","background-position":"center center","background-size":"auto","background-attachment":"scroll","background-type":"","background-media":"","overlay-type":"","overlay-color":"","overlay-opacity":"","overlay-gradient":""},"mobile":{"background-color":"var(--ast-global-color-5)","background-image":"","background-repeat":"repeat","background-position":"center center","background-size":"auto","background-attachment":"scroll","background-type":"","background-media":"","overlay-type":"","overlay-color":"","overlay-opacity":"","overlay-gradient":""}},"footnotes":""},"class_list":["post-6","page","type-page","status-publish","hentry"],"uagb_featured_image_src":{"full":false,"thumbnail":false,"medium":false,"medium_large":false,"large":false,"1536x1536":false,"2048x2048":false},"uagb_author_info":{"display_name":"admin","author_link":"https:\/\/www.sibourg.louisst.o2switch.site\/blog\/author\/admin\/"},"uagb_comment_info":0,"uagb_excerpt":"Mon site est con\u00e7u pour refl\u00e9ter mes passions, mes \u00e9tudes et mes aspirations professionnelles. Il s&rsquo;articule autour de plusieurs th\u00e9matiques [&hellip;]","_links":{"self":[{"href":"https:\/\/www.sibourg.louisst.o2switch.site\/blog\/wp-json\/wp\/v2\/pages\/6","targetHints":{"allow":["GET"]}}],"collection":[{"href":"https:\/\/www.sibourg.louisst.o2switch.site\/blog\/wp-json\/wp\/v2\/pages"}],"about":[{"href":"https:\/\/www.sibourg.louisst.o2switch.site\/blog\/wp-json\/wp\/v2\/types\/page"}],"author":[{"embeddable":true,"href":"https:\/\/www.sibourg.louisst.o2switch.site\/blog\/wp-json\/wp\/v2\/users\/1"}],"replies":[{"embeddable":true,"href":"https:\/\/www.sibourg.louisst.o2switch.site\/blog\/wp-json\/wp\/v2\/comments?post=6"}],"version-history":[{"count":15,"href":"https:\/\/www.sibourg.louisst.o2switch.site\/blog\/wp-json\/wp\/v2\/pages\/6\/revisions"}],"predecessor-version":[{"id":235,"href":"https:\/\/www.sibourg.louisst.o2switch.site\/blog\/wp-json\/wp\/v2\/pages\/6\/revisions\/235"}],"wp:attachment":[{"href":"https:\/\/www.sibourg.louisst.o2switch.site\/blog\/wp-json\/wp\/v2\/media?parent=6"}],"curies":[{"name":"wp","href":"https:\/\/api.w.org\/{rel}","templated":true}]}}